the ten thousands digit of 255819528?
1
What is the thousands digit of 81727105?
7
What is the tens digit of 153834101?
0
What is the hundred thousands digit of 67010166?
0
What is the billions digit of 2268451063?
2
What is the hundred thousands digit of 1861585344?
5
What is the thousands digit of 758921000?
1
What is the hundred thousands digit of 25246530?
2
What is the hundreds digit of 108690865?
8
What is the units digit of 1560393?
3
What is the hundred thousands digit of 961041689?
0
What is the ten millions digit of 13890014?
1
What is the tens digit of 816252185?
8
What is the ten thousands digit of 2890858551?
5
What is the thousands digit of 395259931?
9
What is the hundreds digit of 110173502?
5
What is the hundred thousands digit of 29951019?
9
What is the hundred thousands digit of 886290750?
2
What is the millions digit of 98893914?
8
What is the thousands digit of 770817035?
7
What is the ten thousands digit of 398846367?
4
What is the hundred thousands digit of 425177867?
1
What is the hundred thousands digit of 130871229?
8
What is the ten thousands digit of 46395279?
9
What is the hundreds digit of 5730497206?
2
What is the units digit of 40875782?
2
What is the units digit of 47377843?
3
What is the units digit of 4292858846?
6
What is the billions digit of 4257392786?
4
What is the hundred millions digit of 376908755?
3
What is the thousands digit of 204548?
4
What is the units digit of 98178341?
1
What is the hundred millions digit of 7249330955?
2
What is the ten thousands digit of 90441895?
4
What is the millions digit of 313551721?
3
What is the millions digit of 1777874164?
7
What is the hundred thousands digit of 7644044772?
0
What is the hundreds digit of 121953807?
8
What is the ten millions digit of 26290372?
2
What is the hundred thousands digit of 84126707?
1
What is the ten thousands digit of 563422197?
2
What is the hundred millions digit of 115480505?
1
What is the hundred thousands digit of 73481581?
4
What is the ten thousands digit of 2171336522?
3
What is the thousands digit of 287511251?
1
What is the ten millions digit of 107237714?
0
What is the tens digit of 225194216?
1
What is the tens digit of 379579048?
4
What is the ten thousands digit of 89697542?
9
What is the tens digit of 452434017?
1
What is the hundreds digit of 32019223?
2
What is the thousands digit of 197112267?
2
What is the hundred thousands digit of 507398733?
3
What is the millions digit of 2240786?
2
What is the ten thousands digit of 84122983?
2
What is the units digit of 112631566?
6
What is the tens digit of 321155540?
4
What is the millions digit of 90669427?
0
What is the ten millions digit of 767368703?
6
What is the units digit of 179250374?
4
What is the hundred thousands digit of 115472237?
4
What is the hundred thousands digit of 863678840?
6
What is the hundred thousands digit of 172063894?
0
What is the hundreds digit of 164620972?
9
What is the thousands digit of 14768363?
8
What is the ten millions digit of 14375122?
1
What is the hundred millions digit of 872273633?
8
What is the millions digit of 30298009?
0
What is the units digit of 105332923?
3
What is the thousands digit of 109037041?
7
What is the millions digit of 161346252?
1
What is the tens digit of 534106351?
5
What is the ten millions digit of 72363727?
7
What is the hundred millions digit of 224470117?
2
What is the units digit of 23834902?
2
What is the billions digit of 1431722410?
1
What is the thousands digit of 25777168?
7
What is the hundred millions digit of 394431698?
3
What is the units digit of 372477246?
6
What is the ten thousands digit of 3249310901?
1
What is the hundred millions digit of 384586056?
3
What is the units digit of 1429635920?
0
What is the millions digit of 40376426?
0
What is the hundreds digit of 41274865?
8
What is the ten thousands digit of 308251124?
5
What is the ten thousands digit of 4285943233?
4
What is the units digit of 489688034?
4
What is the ten millions digit of 1737369090?
3
What is the thousands digit of 75401388?
1
What is the ten thousands digit of 347177142?
7
What is the hundred thousands digit of 5594800613?
8
What is the units digit of 1299088645?
5
What is the ten thousands digit of 382574619?
7
What is the units digit of 7065685458?
8
What is the millions digit of 124141265?
4
What is the hundred thousands digit of 29944475?
9
What is the units digit of 1884465959?
9
What is the tens digit of 236837295?
9
What is the units digit of 386990288?
8
What is the thousands digit of 16790452?
0
What is the units digit of 3760850648?
8
What is the tens digit of 31989642?
4
What is the millions digit of 40704101?
0
What is the ten thousands digit of 55466041?
6
What is the tens digit of 23112396?
9
What is the tens digit of 8010654?
5
What is the millions digit of 1583454563?
3
What is the ten millions digit of 1856127617?
5
What is the hundred thousands digit of 27998537?
9
What is the hundred thousands digit of 16024739?
0
What is the thousands digit of 469353870?
3
What is the units digit of 407458170?
0
What is the hundred millions digit of 1961461120?
9
What is the thousands digit of 34671772?
1
What is the ten thousands digit of 82120627?
2
What is the ten thousands digit of 48830261?
3
What is the millions digit of 1645950083?
5
What is the millions digit of 805979133?
5
What is the ten thousands digit of 4673009?
7
What is the hundreds digit of 215990595?
5
What is the billions digit of 3022614716?
3
What is the billions digit of 5348887769?
5
What is the thousands digit of 19295410?
5
What is the tens digit of 1371720738?
3
What is the tens digit of 2923417805?
0
What is the hundreds digit of 54513270?
2
What is the tens digit of 620681299?
9
What is the millions digit of 3169461660?
9
What is the millions digit of 1234613260?
4
What is the hundreds digit of 375369110?
1
What is the ten millions digit of 807163884?
0
What is the units digit of 34899300?
0
What is the ten millions digit of 466715083?
6
What is the units digit of 160446864?
4
What is the hundred thousands digit of 1093263398?
2
What is the hundred thousands digit of 385187931?
1
What is the ten thousands digit of 48403107?
0
What is the ten millions digit of 10631962?
1
What is the hundred thousands digit of 39085083?
0
What is the units digit of 119868846?
6
What is the hundreds digit of 362599237?
2
What is the units digit of 1247127515?
5
What is the hundred thousands digit of 188064972?
0
What is the tens digit of 102321047?
4
What is the ten millions digit of 917109142?
1
What is the thousands digit of 5291060457?
0
What is the hundred millions digit of 3327852044?
3
What is the tens digit of 282284616?
1
What is the thousands digit of 648945036?
5
What is the tens digit of 44173742?
4
What is the hundred thousands digit of 38702929?
7
What is the hundred millions digit of 400089268?
4
What is the tens digit of 48424306?
0
What is the units digit of 389187329?
9
What is the ten millions digit of 605828735?
0
What is the hundred thousands digit of 667878356?
8
What is the millions digit of 1197113208?
7
What is the ten thousands digit of 35537769?
3
What is the millions digit of 617930254?
7
What is the hundreds digit of 247093398?
3
What is the ten millions digit of 103536959?
0
What is the hundreds digit of 97870248?
2
What is the ten thousands digit of 253222034?
2
What is the ten thousands digit of 820658965?
5
What is the ten thousands digit of 1223663683?
6
What is the hundreds digit of 1268788472?
4
What is the tens digit of 1880360997?
9
What is the hundreds digit of 51194888?
8
What is the billions digit of 3287329474?
3
What is the units digit of 3375769768?
8
What is the hundred thousands digit of 43481567?
4
What is the tens digit of 44228004?
0
What is the hundred thousands digit of 211242588?
2
What is the hundreds digit of 1590950629?
6
What is the hundreds digit of 13081461?
4
What is the hundred millions digit of 2497402674?
4
What is the hundred thousands digit of 4690309?
6
What is the hundreds digit of 819336974?
9
What is the thousands digit of 99044599?
4
What is the millions digit of 82078811?
2
What is the ten thousands digit of 8023147?
2
What is the tens digit of 5380928890?
9
What is the hundred thous